*z + 102 = 3*g + 187*z. Calculate the greatest common divisor of g and 126.
18
Let y = -254 + 235. Let b(j) = j**3 + 21*j**2 + 38*j + 3. Let i be b(y). What is the highest common divisor of 4 and i?
1
Let r = -398 - -394. Let k be (4 - 8/r)*(2 - -11). Calculate the greatest common factor of 13 and k.
13
Suppose -4*w - w + 160 = 0. Let q be (246 - 0) + 712/(-89). Let n = -206 + q. What is the highest common factor of n and w?
32
Let y = -585 - -587. Suppose -y*i = -8, -5*b + 87 = -3*i - 351. Suppose 0*f + 60 = 2*f. Calculate the greatest common factor of b and f.
30
Suppose -r + 4*k + 132 = 0, -5*r + 4*k + 124 + 504 = 0. Suppose -5*a = -r + 89. Let n = -73 + 122. What is the greatest common divisor of a and n?
7
Suppose 4*t - 1057 = u, t - 32*u = -31*u + 265. Calculate the highest common divisor of 880 and t.
88
Let v(o) = -192 + 325 - 21 - o. Let j be v(37). Calculate the greatest common factor of 25 and j.
25
Let b(x) = -41 + 7*x + 4 + x**2 + 2*x. Let m be b(10). What is the greatest common factor of m and 9?
9
Let f = -28 + 44. Suppose -f = -b - b. Let n be (-29882)/(-536) - (-2)/8. What is the greatest common divisor of n and b?
8
Suppose 0 = -23*i + 6*i + 51. Suppose -183 = -i*o + 69. What is the greatest common divisor of 48 and o?
12
Let v = -187 - -108. Let l = v + 111. Let o be 8/10*(21 + -1). What is the highest common divisor of o and l?
16
Let j be 308/8 - (-2)/4. Suppose -j*q = -41*q + 8. Suppose -q*s = 2*n - 32, n - 17 = -5*s + 26. Calculate the highest common factor of 1 and s.
1
Suppose 3*t = 3, 14*w = 9*w - 4*t + 204. Let j(z) = z**3 + 17*z**2 - 16*z + 61. Let s be j(-18). What is the greatest common divisor of w and s?
5
Suppose 2*p = 3*v - 690, v - 29 = -2*p + 217. What is the greatest common divisor of v and 1530?
18
Let d = 130 - 127. Suppose 0 = -3*a + d*f - 0*f + 48, 2*a + 4*f - 20 = 0. Let x(o) = 2*o + 2. Let m be x(0). Calculate the highest common divisor of m and a.
2
Let m(b) = 9*b + 297. Let a(g) = -9*g - 297. Let s(d) = -5*a(d) - 4*m(d). Let y be s(-27). Calculate the highest common factor of 243 and y.
27
Let m = 2991 + -2883. What is the highest common factor of m and 8748?
108
Let m be 44 + (-91 - (-12 + -40)). Suppose 1 - 25 = 4*z. Let v = 9 - z. What is the highest common factor of m and v?
5
Let d be (760/(-210) - (-2)/7)*6. Let c be ((-4)/(-3))/((-5)/1470). Let x be (c/d)/(2/10). Calculate the greatest common factor of x and 14.
14
Let u = 4098 - 3312. Calculate the greatest common divisor of 12 and u.
6
Let d(b) = -4*b + 36. Let w = -206 + 193. Let k be d(w). Calculate the highest common divisor of 16 and k.
8
Let i(d) = -7*d + 37. Let q be i(5). Let l(c) = 48*c**2 - 11*c + 5. Let a be l(q). Suppose 0*r + 2*r = 50. What is the greatest common factor of r and a?
25
Suppose -22*j - 15*j + 1088 = -20*j. What is the greatest common divisor of 3184 and j?
16
Suppose 363*s - 116419 = -36196. Suppose o - 3*d - 52 = -7*d, 2*d = -4*o + 264. Calculate the greatest common factor of o and s.
17
Suppose 1249 = 5*w + j, 0*j + 3*j + 735 = 3*w. Let o be 9/((-45)/(-800)) + -25 + 31. Calculate the highest common factor of o and w.
83
Let z(n) = -89*n - 6509. Let u be z(-77). What is the highest common divisor of 4042 and u?
86
Suppose -4*r + 8 = -g, 0 = g + 14*r - 15*r + 2. Let z be ((-150)/(-4) - g)*(-32)/(-20). Calculate the greatest common divisor of 45 and z.
15
Let b(f) = f**3 + 8*f**2 - 7*f - 7. Let m be b(-7). What is the greatest common divisor of m and 52?
13
Suppose 5*v + 564 = 8*v. Suppose 84 = 4*i + k - 583, 4*k + v = i. Let a = 309 - i. What is the highest common divisor of 94 and a?
47
Suppose -175 = -350*y + 325*y. Calculate the greatest common factor of y and 8.
1
Suppose 7*w - 12*w + 260 = 0. Suppose y - 5*q - 304 + w = 0, 5*y = -3*q + 1372. What is the greatest common factor of 17 and y?
17
Suppose -4*b - 32 = -0*b. Let g be (b/10)/(4/(-10)). Suppose -3*r + 3*j = r - 83, 78 = 4*r + g*j. What is the highest common factor of r and 220?
20
Suppose -140 = -4*g + 84. Calculate the greatest common divisor of 511 and g.
7
Suppose -3*c + 55 = 2*c. Let q be (-187)/(-88) + (-3)/24. Suppose t - 3 = -3*i, -6*i + 3*t = -4*i - q. Calculate the greatest common divisor of i and c.
1
Suppose 0 = -21*y + 8*y - 754. Let u = 46 - y. Calculate the highest common divisor of 24 and u.
8
Let o be (4/(-11))/(61/(-1342)). Suppose -3*j - n - 14 = 0, -2*n = 2*j - 3*j. Let k be (-2 + 0 + j)*-4. Calculate the highest common divisor of k and o.
8
Let i be (4 - 8 - -6)*40. Let t be ((-5)/(25/(-520)))/(-1). Let d be t/(-10) - (-4)/(-10). What is the highest common divisor of d and i?
10
Let d(z) = -28*z**2 - 10*z + 46. Let w be d(4). Let m = 610 + w. What is the highest common factor of m and 4?
4
Let l = -534 + 575. Suppose -l = v - 44. Calculate the highest common factor of 1 and v.
1
Suppose 9*o - 248232 + 63201 = -90*o. Calculate the highest common factor of 21 and o.
21
Suppose -2*w = -4*w + 3*k + 141, 2*k - 290 = -4*w. Suppose 81 = -4*q + 7*q. What is the greatest common divisor of q and w?
9
Let l = 427 - 292. Let g(b) = 611*b + 15891. Let o be g(-26). Calculate the highest common divisor of o and l.
5
Let v(k) = 7*k - 37. Let h be v(5). Let z be ((-6)/(-16)*h)/(3/(-108)). Calculate the greatest common divisor of z and 6.
3
Let u(y) = y**3 + 5*y**2 - 9*y - 15. Let x(s) = s**2 + 30*s - 6. Let d be x(-30). Let g be u(d). Calculate the highest common factor of g and 24.
3
Let i(s) = s**2 - 9*s + 44. Suppose 41 = d + 96*l - 91*l, -l = -4*d + 59. Let f be i(d). What is the greatest common factor of 39 and f?
39
Let o(s) = -s**3 + 7*s**2 - 21*s - 2. Let k be o(-6). What is the highest common divisor of k and 518?
74
Let v be 52/39 + (-2)/(-3). Suppose 221 = v*p + 95. Calculate the greatest common divisor of 1 and p.
1
Suppose 3*d - 3*a - 3 = 432, -5*a = -4*d + 581. Let x be 3 + (6/(-18))/((-2)/174). What is the highest common factor of d and x?
16
Let p be (330/(-132))/((30/492)/(-5)). Suppose k + c + 3*c - 53 = 0, 5*k + 2*c = 211. Calculate the highest common divisor of p and k.
41
Let k be ((-84)/49)/(6/(-105)). Let g(u) = -28*u - k*u - 5 + 15 - 8*u. Let f be g(-3). What is the greatest common divisor of 26 and f?
26
Suppose 0 = -p - s + 476, -4*p + 674 + 1230 = 3*s. Suppose 0 = -2383*d + 2351*d + 224. What is the greatest common factor of p and d?
7
Let d(h) = -11*h + 13. Let s(c) = 5*c - 7. Let u(y) = -4*d(y) - 9*s(y). Let x be u(-20). Calculate the highest common factor of x and 124.
31
Let w = 2199 + -1455. Calculate the greatest common divisor of 310 and w.
62
Let m(t) = 36*t**2 - 328*t + 36. Let x be m(21). What is the greatest common divisor of 192 and x?
192
Suppose -11 = -2*c + 69. Suppose u = -u + c. Let f(x) = 3539*x - 212290. Let o be f(60). What is the highest common divisor of u and o?
10
Let k = -41187 - -73199. What is the highest common factor of 106 and k?
106
Let m be (-3028)/(-20)*85 - (-1 + 8). What is the greatest common factor of m and 218?
218
Let y = 6294 - 5268. What is the greatest common divisor of 702 and y?
54
Let z = -748 - -881. Let u be 4*(-2)/(-8)*21. What is the greatest common factor of u and z?
7
Let i be 13/(-2)*1/(-5)*10. Let y be 31 + 1 - (0 + 0). Let m = y + 20. Calculate the greatest common divisor of i and m.
13
Suppose 0 = d + 5*d. Suppose -7*c + 4*c + 759 = d. What is the highest common divisor of 11 and c?
11
Suppose 8 = -11*z + 404. Let j(k) = k**3 + 7*k**2 - 10*k - 7. Let f be j(-8). What is the highest common divisor of f and z?
9
Let c be 2 - (-116)/16 - 9/(-12). Suppose -2*b = -14 - c. Suppose -534 = -5*r + 426. Calculate the greatest common factor of r and b.
12
Let x be 4*10/(-15)*6/(-8). Let m(g) = -g**3 - 2 + 8*g**2 + 3*g + 1 + 11 - x*g. Let r be m(7). Calculate the highest common factor of 44 and r.
22
Let j be (56/35)/(((126/(-120))/(-7))/12). Calculate the highest common factor of j and 62.
2
Let s(k) = k**3 + 3*k**2 + k + 100. Let a be s(0). Let g(t) = -95*t - 270. Let v be g(-6). Calculate the highest common divisor of v and a.
100
Let k be 1*3/(-9)*(-1 - -1). Suppose i = k, -5*w - 4*i = -4*w - 5. Suppose -w*x - 22 + 297 = 0. Calculate the highest common divisor of x and 11.
11
Let p be (2 + 48)*(-4 - 9/(-2)). Suppose -23*g = -p*g + 6. Calculate the greatest common factor o